{"id":9033,"date":"2023-12-15T11:15:04","date_gmt":"2023-12-15T10:15:04","guid":{"rendered":"https:\/\/anabelternes.de\/blog\/"},"modified":"2025-04-27T21:49:46","modified_gmt":"2025-04-27T19:49:46","slug":"blog","status":"publish","type":"page","link":"https:\/\/anabelternes.de\/en\/blog\/","title":{"rendered":"Blog"},"content":{"rendered":"<div class=\"gb-container gb-container-c2462773\">\n<div class=\"gb-container gb-container-2524f68e\">\n<div class=\"gb-grid-wrapper gb-grid-wrapper-fc136d91\">\n<div class=\"gb-grid-column gb-grid-column-4244f470\"><div class=\"gb-container gb-container-4244f470\">\n\n<h1 class=\"gb-headline gb-headline-45cae97c gb-headline-text\"><strong>Blog<\/strong><\/h1>\n\n\n\n<h2 class=\"gb-headline gb-headline-772d816a gb-headline-text\">Inform. Knowledge. Foresight.<\/h2>\n\n\n\n<p class=\"gb-headline gb-headline-d760c6dd gb-headline-text\">In this blog by Prof. Dr. Anabel Tern\u00e8s von Hattburg, you will find a curated collection of knowledge from the realms of sustainability, digitalization, and the future, seen through the lens of leadership and inspired living. Have fun reading!<\/p>\n\n\n\n<p class=\"gb-headline gb-headline-4be8d973 gb-headline-text\">Enjoy reading.<\/p>\n\n\n<div class=\"gb-container gb-container-47b8613d\">\n\n<a class=\"gb-button gb-button-a6ad6cf7 gb-button-text gb-button-at-gold smooth-scroll\" href=\"#footer-form-wrapper\">Get to know her<\/a>\n\n<\/div>\n<\/div><\/div>\n\n<div class=\"gb-grid-column gb-grid-column-8aac5182\"><div class=\"gb-container gb-container-8aac5182\">\n\n<figure class=\"gb-block-image gb-block-image-b7cba8d6\"><img loading=\"lazy\" decoding=\"async\" width=\"811\" height=\"682\" src=\"https:\/\/anabelternes.de\/wp-content\/uploads\/2023\/12\/at-blog-header.webp\" class=\"gb-image gb-image-b7cba8d6\" alt=\"Moderner Innenraum mit Frau in orangefarbenem Kleid, professionell im Fotostudio fotografiert, kreative Wohnzimmer- und Dekor-Ideen, Influencer-Style, nat\u00fcrliche Beleuchtung, gem\u00fctliche Atmosph\u00e4re, Lifestyle-Fotografie.\" title=\"at-blog-header\" srcset=\"https:\/\/anabelternes.de\/wp-content\/uploads\/2023\/12\/at-blog-header.webp 811w, https:\/\/anabelternes.de\/wp-content\/uploads\/2023\/12\/at-blog-header-300x252.webp 300w, https:\/\/anabelternes.de\/wp-content\/uploads\/2023\/12\/at-blog-header-768x646.webp 768w\" sizes=\"auto, (max-width: 811px) 100vw, 811px\" \/> <\/figure>\n\n<\/div><\/div>\n<\/div>\n<\/div>\n<\/div><div class=\"gb-container gb-container-2719af81\">\n<div class=\"gb-container gb-container-2e49d0da\">\n<div class=\"gb-grid-wrapper gb-grid-wrapper-c09ab317\">\n<div class=\"gb-grid-column gb-grid-column-2ab792f6\"><div class=\"gb-container gb-container-2ab792f6\"><\/div><\/div>\n\n<div class=\"gb-grid-column gb-grid-column-5c4f3b8b\"><div class=\"gb-container gb-container-5c4f3b8b\">\n\n<h2 class=\"gb-headline gb-headline-ea4f7ef9 gb-headline-text\">Anabel&#8217;s Blog<\/h2>\n\n<\/div><\/div>\n\n<div class=\"gb-grid-column gb-grid-column-c5be4db4\"><div class=\"gb-container gb-container-c5be4db4\"><\/div><\/div>\n<\/div>\n\n<div class=\"gb-container gb-container-83de0698\">\n\n<div class=\"gb-grid-wrapper gb-grid-wrapper-82e50090 gb-query-loop-wrapper\">\n<div class=\"gb-grid-column gb-grid-column-dab87ccc gb-query-loop-item post-11233 post type-post status-publish format-standard has-post-thumbnail hentry category-podcast tag-global-changemaker tag-global-sustainability-leader tag-sheikh-abdul-aziz-bin-ali-al-nuaimi tag-sustainability-leadership tag-the-green-sheikh\"><div class=\"gb-container gb-container-dab87ccc\">\n<div class=\"gb-container gb-container-7641374b\">\n<div class=\"gb-grid-wrapper gb-grid-wrapper-146786b3\">\n<div class=\"gb-grid-column gb-grid-column-053bfc0d\"><div class=\"gb-container gb-container-053bfc0d\">\n<figure class=\"gb-block-image gb-block-image-d6f03b1e\"><img loading=\"lazy\" decoding=\"async\" width=\"1920\" height=\"1080\" src=\"https:\/\/anabelternes.de\/wp-content\/uploads\/2025\/06\/The-Green-Sheikh-Sheikh-Abdul-Aziz-discusses-sustainability-and-climate-action-with-Dr.-Anabel-Ternes-on-Inspiring-Minds-podcast.jpg\" class=\"gb-image-d6f03b1e\" alt=\"Hochwertiges_IMAGE_1_damens_Blick_auf_Den_Mann_in_Traditioneller_Arabischer_Kleidung_und_Stilvoller_Frau_mit_Lange_Kr\u00e4ftiger_M\u00e4hne_Moderner_Style_Neue_Trends_Bekannt_Mann_im_Stil_Feder_und_Sich_Entspannend_Close-Up_Ansicht_auf_Authentische_Arbeitswoche___Verbindung_www.anabelternes.de.jpg.\" srcset=\"https:\/\/anabelternes.de\/wp-content\/uploads\/2025\/06\/The-Green-Sheikh-Sheikh-Abdul-Aziz-discusses-sustainability-and-climate-action-with-Dr.-Anabel-Ternes-on-Inspiring-Minds-podcast.jpg 1920w, https:\/\/anabelternes.de\/wp-content\/uploads\/2025\/06\/The-Green-Sheikh-Sheikh-Abdul-Aziz-discusses-sustainability-and-climate-action-with-Dr.-Anabel-Ternes-on-Inspiring-Minds-podcast-300x169.jpg 300w, https:\/\/anabelternes.de\/wp-content\/uploads\/2025\/06\/The-Green-Sheikh-Sheikh-Abdul-Aziz-discusses-sustainability-and-climate-action-with-Dr.-Anabel-Ternes-on-Inspiring-Minds-podcast-1024x576.jpg 1024w, https:\/\/anabelternes.de\/wp-content\/uploads\/2025\/06\/The-Green-Sheikh-Sheikh-Abdul-Aziz-discusses-sustainability-and-climate-action-with-Dr.-Anabel-Ternes-on-Inspiring-Minds-podcast-768x432.jpg 768w, https:\/\/anabelternes.de\/wp-content\/uploads\/2025\/06\/The-Green-Sheikh-Sheikh-Abdul-Aziz-discusses-sustainability-and-climate-action-with-Dr.-Anabel-Ternes-on-Inspiring-Minds-podcast-1536x864.jpg 1536w\" sizes=\"auto, (max-width: 1920px) 100vw, 1920px\" \/><\/figure>\n<\/div><\/div>\n\n<div class=\"gb-grid-column gb-grid-column-06745426\"><div class=\"gb-container gb-container-06745426\">\n<div class=\"gb-grid-wrapper gb-grid-wrapper-cdc55ac1\">\n<div class=\"gb-grid-column gb-grid-column-760dc8d5\"><div class=\"gb-container gb-container-760dc8d5\">\n<h4 class=\"gb-headline gb-headline-ab56ab04 gb-headline-text\">The Green Sheikh: A Royal Changemaker Inspiring Global Sustainability<\/h4>\n\n<p class=\"gb-headline gb-headline-6b96a231 gb-headline-text\">I am deeply honored to share a recent conversation from my &#8220;Inspiring Minds&#8221; podcast with a truly exceptional individual: His Excellency Sheikh Abdul Aziz bin Ali Al Nuaimi, known worldwide &#8230;<\/p>\n\n<div class=\"gb-container gb-container-5286199f\">\n<a class=\"gb-button gb-button-e9974692 gb-button-text gb-button-purple-blog\" href=\"https:\/\/anabelternes.de\/en\/podcast\/the-green-sheikh-a-global-leader-in-sustainability-and-compassion\/\">read more<\/a>\n<\/div>\n<\/div><\/div>\n\n<div class=\"gb-grid-column gb-grid-column-23bbe99e\"><div class=\"gb-container gb-container-23bbe99e\">\n<p class=\"gb-headline gb-headline-8cbfb90b gb-headline-text\"><span class=\"post-term-item term-podcast\">Podcast<\/span><\/p>\n<\/div><\/div>\n<\/div>\n<\/div><\/div>\n<\/div>\n<\/div>\n<\/div><\/div>\n<\/div>\n\n<\/div>\n<\/div>\n<\/div>","protected":false},"excerpt":{"rendered":"","protected":false},"author":7,"featured_media":0,"parent":0,"menu_order":0,"comment_status":"closed","ping_status":"closed","template":"","meta":{"inline_featured_image":false,"footnotes":""},"class_list":["post-9033","page","type-page","status-publish"],"_links":{"self":[{"href":"https:\/\/anabelternes.de\/en\/wp-json\/wp\/v2\/pages\/9033","targetHints":{"allow":["GET"]}}],"collection":[{"href":"https:\/\/anabelternes.de\/en\/wp-json\/wp\/v2\/pages"}],"about":[{"href":"https:\/\/anabelternes.de\/en\/wp-json\/wp\/v2\/types\/page"}],"author":[{"embeddable":true,"href":"https:\/\/anabelternes.de\/en\/wp-json\/wp\/v2\/users\/7"}],"replies":[{"embeddable":true,"href":"https:\/\/anabelternes.de\/en\/wp-json\/wp\/v2\/comments?post=9033"}],"version-history":[{"count":3,"href":"https:\/\/anabelternes.de\/en\/wp-json\/wp\/v2\/pages\/9033\/revisions"}],"predecessor-version":[{"id":10893,"href":"https:\/\/anabelternes.de\/en\/wp-json\/wp\/v2\/pages\/9033\/revisions\/10893"}],"wp:attachment":[{"href":"https:\/\/anabelternes.de\/en\/wp-json\/wp\/v2\/media?parent=9033"}],"curies":[{"name":"wp","href":"https:\/\/api.w.org\/{rel}","templated":true}]}}

<div class="gb-container gb-container-c2462773">
<div class="gb-container gb-container-2524f68e">
<div class="gb-grid-wrapper gb-grid-wrapper-fc136d91">
<div class="gb-grid-column gb-grid-column-4244f470"><div class="gb-container gb-container-4244f470">

<h1 class="gb-headline gb-headline-45cae97c gb-headline-text"><strong>Blog</strong></h1>



<h2 class="gb-headline gb-headline-772d816a gb-headline-text">Inform. Knowledge. Foresight.</h2>



<p class="gb-headline gb-headline-d760c6dd gb-headline-text">In this blog by Prof. Dr. Anabel Ternès von Hattburg, you will find a curated collection of knowledge from the realms of sustainability, digitalization, and the future, seen through the lens of leadership and inspired living. Have fun reading!</p>



<p class="gb-headline gb-headline-4be8d973 gb-headline-text">Enjoy reading.</p>


<div class="gb-container gb-container-47b8613d">

<a class="gb-button gb-button-a6ad6cf7 gb-button-text gb-button-at-gold smooth-scroll" href="#footer-form-wrapper">Get to know her</a>

</div>
</div></div>

<div class="gb-grid-column gb-grid-column-8aac5182"><div class="gb-container gb-container-8aac5182">

<figure class="gb-block-image gb-block-image-b7cba8d6"><img loading="lazy" decoding="async" width="811" height="682" src="https://anabelternes.de/wp-content/uploads/2023/12/at-blog-header.webp" class="gb-image gb-image-b7cba8d6" alt="Moderner Innenraum mit Frau in orangefarbenem Kleid, professionell im Fotostudio fotografiert, kreative Wohnzimmer- und Dekor-Ideen, Influencer-Style, natürliche Beleuchtung, gemütliche Atmosphäre, Lifestyle-Fotografie." title="at-blog-header" srcset="https://anabelternes.de/wp-content/uploads/2023/12/at-blog-header.webp 811w, https://anabelternes.de/wp-content/uploads/2023/12/at-blog-header-300x252.webp 300w, https://anabelternes.de/wp-content/uploads/2023/12/at-blog-header-768x646.webp 768w" sizes="auto, (max-width: 811px) 100vw, 811px" /> </figure>

</div></div>
</div>
</div>
</div><div class="gb-container gb-container-2719af81">
<div class="gb-container gb-container-2e49d0da">
<div class="gb-grid-wrapper gb-grid-wrapper-c09ab317">
<div class="gb-grid-column gb-grid-column-2ab792f6"><div class="gb-container gb-container-2ab792f6"></div></div>

<div class="gb-grid-column gb-grid-column-5c4f3b8b"><div class="gb-container gb-container-5c4f3b8b">

<h2 class="gb-headline gb-headline-ea4f7ef9 gb-headline-text">Anabel&#8217;s Blog</h2>

</div></div>

<div class="gb-grid-column gb-grid-column-c5be4db4"><div class="gb-container gb-container-c5be4db4"></div></div>
</div>

<div class="gb-container gb-container-83de0698">

<div class="gb-grid-wrapper gb-grid-wrapper-82e50090 gb-query-loop-wrapper">
<div class="gb-grid-column gb-grid-column-dab87ccc gb-query-loop-item post-11233 post type-post status-publish format-standard has-post-thumbnail hentry category-podcast tag-global-changemaker tag-global-sustainability-leader tag-sheikh-abdul-aziz-bin-ali-al-nuaimi tag-sustainability-leadership tag-the-green-sheikh"><div class="gb-container gb-container-dab87ccc">
<div class="gb-container gb-container-7641374b">
<div class="gb-grid-wrapper gb-grid-wrapper-146786b3">
<div class="gb-grid-column gb-grid-column-053bfc0d"><div class="gb-container gb-container-053bfc0d">
<figure class="gb-block-image gb-block-image-d6f03b1e"><img loading="lazy" decoding="async" width="1920" height="1080" src="https://anabelternes.de/wp-content/uploads/2025/06/The-Green-Sheikh-Sheikh-Abdul-Aziz-discusses-sustainability-and-climate-action-with-Dr.-Anabel-Ternes-on-Inspiring-Minds-podcast.jpg" class="gb-image-d6f03b1e" alt="Hochwertiges_IMAGE_1_damens_Blick_auf_Den_Mann_in_Traditioneller_Arabischer_Kleidung_und_Stilvoller_Frau_mit_Lange_Kräftiger_Mähne_Moderner_Style_Neue_Trends_Bekannt_Mann_im_Stil_Feder_und_Sich_Entspannend_Close-Up_Ansicht_auf_Authentische_Arbeitswoche___Verbindung_www.anabelternes.de.jpg." srcset="https://anabelternes.de/wp-content/uploads/2025/06/The-Green-Sheikh-Sheikh-Abdul-Aziz-discusses-sustainability-and-climate-action-with-Dr.-Anabel-Ternes-on-Inspiring-Minds-podcast.jpg 1920w, https://anabelternes.de/wp-content/uploads/2025/06/The-Green-Sheikh-Sheikh-Abdul-Aziz-discusses-sustainability-and-climate-action-with-Dr.-Anabel-Ternes-on-Inspiring-Minds-podcast-300x169.jpg 300w, https://anabelternes.de/wp-content/uploads/2025/06/The-Green-Sheikh-Sheikh-Abdul-Aziz-discusses-sustainability-and-climate-action-with-Dr.-Anabel-Ternes-on-Inspiring-Minds-podcast-1024x576.jpg 1024w, https://anabelternes.de/wp-content/uploads/2025/06/The-Green-Sheikh-Sheikh-Abdul-Aziz-discusses-sustainability-and-climate-action-with-Dr.-Anabel-Ternes-on-Inspiring-Minds-podcast-768x432.jpg 768w, https://anabelternes.de/wp-content/uploads/2025/06/The-Green-Sheikh-Sheikh-Abdul-Aziz-discusses-sustainability-and-climate-action-with-Dr.-Anabel-Ternes-on-Inspiring-Minds-podcast-1536x864.jpg 1536w" sizes="auto, (max-width: 1920px) 100vw, 1920px" /></figure>
</div></div>

<div class="gb-grid-column gb-grid-column-06745426"><div class="gb-container gb-container-06745426">
<div class="gb-grid-wrapper gb-grid-wrapper-cdc55ac1">
<div class="gb-grid-column gb-grid-column-760dc8d5"><div class="gb-container gb-container-760dc8d5">
<h4 class="gb-headline gb-headline-ab56ab04 gb-headline-text">The Green Sheikh: A Royal Changemaker Inspiring Global Sustainability</h4>

<p class="gb-headline gb-headline-6b96a231 gb-headline-text">I am deeply honored to share a recent conversation from my &#8220;Inspiring Minds&#8221; podcast with a truly exceptional individual: His Excellency Sheikh Abdul Aziz bin Ali Al Nuaimi, known worldwide &#8230;</p>

<div class="gb-container gb-container-5286199f">
<a class="gb-button gb-button-e9974692 gb-button-text gb-button-purple-blog" href="https://anabelternes.de/en/podcast/the-green-sheikh-a-global-leader-in-sustainability-and-compassion/">read more</a>
</div>
</div></div>

<div class="gb-grid-column gb-grid-column-23bbe99e"><div class="gb-container gb-container-23bbe99e">
<p class="gb-headline gb-headline-8cbfb90b gb-headline-text"><span class="post-term-item term-podcast">Podcast</span></p>
</div></div>
</div>
</div></div>
</div>
</div>
</div></div>
</div>

</div>
</div>
</div>
